{"id":67,"date":"2024-06-08T08:29:17","date_gmt":"2024-06-08T06:29:17","guid":{"rendered":"http:\/\/kfzgutachter-raquet.de\/wordpress\/?page_id=67"},"modified":"2024-06-08T08:33:08","modified_gmt":"2024-06-08T06:33:08","slug":"standort","status":"publish","type":"page","link":"http:\/\/kfzgutachter-raquet.de\/wordpress\/standort\/","title":{"rendered":"Anfahrt"},"content":{"rendered":"\n<div class=\"wp-block-group alignfull has-accent-background-color has-background has-global-padding is-layout-constrained wp-container-core-group-is-layout-669513ed wp-block-group-is-layout-constrained\" style=\"margin-top:0;margin-bottom:0;padding-top:var(--wp--preset--spacing--50);padding-right:var(--wp--preset--spacing--50);padding-bottom:var(--wp--preset--spacing--50);padding-left:var(--wp--preset--spacing--50)\">\n<div class=\"wp-block-columns alignwide is-layout-flex wp-container-core-columns-is-layout-1da03c2a wp-block-columns-is-layout-flex\">\n<div class=\"wp-block-column is-vertically-aligned-stretch is-layout-flow wp-block-column-is-layout-flow\" style=\"flex-basis:50%\">\n<div class=\"wp-block-group is-vertical is-content-justification-stretch is-layout-flex wp-container-core-group-is-layout-444d5ee8 wp-block-group-is-layout-flex\" style=\"min-height:100%\">\n<p class=\"has-heading-font-family has-x-large-font-size\" style=\"line-height:1.2\">Sie finden uns im Gewerbegebiet Bruch in 67098 Bad D\u00fcrkheim. Direkt bei Auto Geibel in der Bruchstr. 8.<\/p>\n\n\n\n<p class=\"wp-container-content-0733e5d0\"><\/p>\n<\/div>\n<\/div>\n\n\n\n<div class=\"wp-block-column is-vertically-aligned-center is-layout-flow wp-block-column-is-layout-flow\" style=\"flex-basis:50%\">\n<figure class=\"wp-block-image size-large is-style-rounded is-style-rounded--1\"><img loading=\"lazy\" decoding=\"async\" width=\"1024\" height=\"768\" src=\"http:\/\/kfzgutachter-raquet.de\/wordpress\/wp-content\/uploads\/2024\/06\/sachverstaendiger-1024x768.jpg\" alt=\"\" class=\"wp-image-49\" style=\"aspect-ratio:3\/4;object-fit:cover\" srcset=\"http:\/\/kfzgutachter-raquet.de\/wordpress\/wp-content\/uploads\/2024\/06\/sachverstaendiger-1024x768.jpg 1024w, http:\/\/kfzgutachter-raquet.de\/wordpress\/wp-content\/uploads\/2024\/06\/sachverstaendiger-300x225.jpg 300w, http:\/\/kfzgutachter-raquet.de\/wordpress\/wp-content\/uploads\/2024\/06\/sachverstaendiger-768x576.jpg 768w, http:\/\/kfzgutachter-raquet.de\/wordpress\/wp-content\/uploads\/2024\/06\/sachverstaendiger.jpg 1152w\" sizes=\"auto, (max-width: 1024px) 100vw, 1024px\" \/><\/figure>\n<\/div>\n<\/div>\n<\/div>\n\n\n\n<div class=\"wp-block-group alignfull has-global-padding is-layout-constrained wp-container-core-group-is-layout-669513ed wp-block-group-is-layout-constrained\" style=\"margin-top:0;margin-bottom:0;padding-top:var(--wp--preset--spacing--50);padding-right:var(--wp--preset--spacing--50);padding-bottom:var(--wp--preset--spacing--50);padding-left:var(--wp--preset--spacing--50)\">\n<div class=\"wp-block-group is-vertical is-content-justification-center is-layout-flex wp-container-core-group-is-layout-ce155fab wp-block-group-is-layout-flex\">\n<h2 class=\"wp-block-heading has-text-align-center has-xx-large-font-size\">Anfahrt<\/h2>\n\n\n\n<p class=\"has-text-align-center\">So kommen Sie in die Bruchstr. 8 in 67098 Bad D\u00fcrkheim zu Ihrem Sachverst\u00e4ndigenb\u00fcro Raquet:<\/p>\n\n\n\n<iframe src=\"https:\/\/www.google.com\/maps\/embed?pb=!1m18!1m12!1m3!1d2592.8430348802567!2d8.197811076074716!3d49.468580457573104!2m3!1f0!2f0!3f0!3m2!1i1024!2i768!4f13.1!3m3!1m2!1s0x479637784199434d%3A0x8cdb5f3de2697fcc!2sKfz-Sachverst%C3%A4ndigenb%C3%BCro%20Raquet!5e0!3m2!1sde!2sde!4v1717828105581!5m2!1sde!2sde\" width=\"600\" height=\"450\" style=\"border:0;\" allowfullscreen=\"\" loading=\"lazy\" referrerpolicy=\"no-referrer-when-downgrade\"><\/iframe>\n<\/div>\n\n\n\n<div style=\"height:40px\" aria-hidden=\"true\" class=\"wp-block-spacer\"><\/div>\n<\/div>\n","protected":false},"excerpt":{"rendered":"<p>Sie finden uns im Gewerbegebiet Bruch in 67098 Bad D\u00fcrkheim. Direkt bei Auto Geibel in der Bruchstr. 8. Anfahrt So kommen Sie in die Bruchstr. 8 in 67098 Bad D\u00fcrkheim zu Ihrem Sachverst\u00e4ndigenb\u00fcro Raquet:<\/p>\n","protected":false},"author":1,"featured_media":0,"parent":0,"menu_order":4,"comment_status":"closed","ping_status":"closed","template":"","meta":{"footnotes":""},"class_list":["post-67","page","type-page","status-publish","hentry"],"yoast_head":"<!-- This site is optimized with the Yoast SEO plugin v23.9 - https:\/\/yoast.com\/wordpress\/plugins\/seo\/ -->\n<title>Anfahrt - Sachverst\u00e4ndigenb\u00fcro Raquet<\/title>\n<meta name=\"robots\" content=\"index, follow, max-snippet:-1, max-image-preview:large, max-video-preview:-1\" \/>\n<link rel=\"canonical\" href=\"http:\/\/kfzgutachter-raquet.de\/wordpress\/standort\/\" \/>\n<meta property=\"og:locale\" content=\"de_DE\" \/>\n<meta property=\"og:type\" content=\"article\" \/>\n<meta property=\"og:title\" content=\"Anfahrt - Sachverst\u00e4ndigenb\u00fcro Raquet\" \/>\n<meta property=\"og:description\" content=\"Sie finden uns im Gewerbegebiet Bruch in 67098 Bad D\u00fcrkheim. Direkt bei Auto Geibel in der Bruchstr. 8. Anfahrt So kommen Sie in die Bruchstr. 8 in 67098 Bad D\u00fcrkheim zu Ihrem Sachverst\u00e4ndigenb\u00fcro Raquet:\" \/>\n<meta property=\"og:url\" content=\"http:\/\/kfzgutachter-raquet.de\/wordpress\/standort\/\" \/>\n<meta property=\"og:site_name\" content=\"Sachverst\u00e4ndigenb\u00fcro Raquet\" \/>\n<meta property=\"article:modified_time\" content=\"2024-06-08T06:33:08+00:00\" \/>\n<meta property=\"og:image\" content=\"http:\/\/kfzgutachter-raquet.de\/wordpress\/wp-content\/uploads\/2024\/06\/sachverstaendiger-1024x768.jpg\" \/>\n<meta name=\"twitter:card\" content=\"summary_large_image\" \/>\n<meta name=\"twitter:label1\" content=\"Gesch\u00e4tzte Lesezeit\" \/>\n\t<meta name=\"twitter:data1\" content=\"1\u00a0Minute\" \/>\n<script type=\"application\/ld+json\" class=\"yoast-schema-graph\">{\"@context\":\"https:\/\/schema.org\",\"@graph\":[{\"@type\":\"WebPage\",\"@id\":\"http:\/\/kfzgutachter-raquet.de\/wordpress\/standort\/\",\"url\":\"http:\/\/kfzgutachter-raquet.de\/wordpress\/standort\/\",\"name\":\"Anfahrt - Sachverst\u00e4ndigenb\u00fcro Raquet\",\"isPartOf\":{\"@id\":\"http:\/\/kfzgutachter-raquet.de\/wordpress\/#website\"},\"primaryImageOfPage\":{\"@id\":\"http:\/\/kfzgutachter-raquet.de\/wordpress\/standort\/#primaryimage\"},\"image\":{\"@id\":\"http:\/\/kfzgutachter-raquet.de\/wordpress\/standort\/#primaryimage\"},\"thumbnailUrl\":\"http:\/\/kfzgutachter-raquet.de\/wordpress\/wp-content\/uploads\/2024\/06\/sachverstaendiger-1024x768.jpg\",\"datePublished\":\"2024-06-08T06:29:17+00:00\",\"dateModified\":\"2024-06-08T06:33:08+00:00\",\"breadcrumb\":{\"@id\":\"http:\/\/kfzgutachter-raquet.de\/wordpress\/standort\/#breadcrumb\"},\"inLanguage\":\"de\",\"potentialAction\":[{\"@type\":\"ReadAction\",\"target\":[\"http:\/\/kfzgutachter-raquet.de\/wordpress\/standort\/\"]}]},{\"@type\":\"ImageObject\",\"inLanguage\":\"de\",\"@id\":\"http:\/\/kfzgutachter-raquet.de\/wordpress\/standort\/#primaryimage\",\"url\":\"http:\/\/kfzgutachter-raquet.de\/wordpress\/wp-content\/uploads\/2024\/06\/sachverstaendiger.jpg\",\"contentUrl\":\"http:\/\/kfzgutachter-raquet.de\/wordpress\/wp-content\/uploads\/2024\/06\/sachverstaendiger.jpg\",\"width\":1152,\"height\":864},{\"@type\":\"BreadcrumbList\",\"@id\":\"http:\/\/kfzgutachter-raquet.de\/wordpress\/standort\/#breadcrumb\",\"itemListElement\":[{\"@type\":\"ListItem\",\"position\":1,\"name\":\"Startseite\",\"item\":\"http:\/\/kfzgutachter-raquet.de\/wordpress\/\"},{\"@type\":\"ListItem\",\"position\":2,\"name\":\"Anfahrt\"}]},{\"@type\":\"WebSite\",\"@id\":\"http:\/\/kfzgutachter-raquet.de\/wordpress\/#website\",\"url\":\"http:\/\/kfzgutachter-raquet.de\/wordpress\/\",\"name\":\"Kfz-Sachverst\u00e4ndigenb\u00fcro Raquet (KFZ\/Motorrad) Gutachter\",\"description\":\"KFZ-Gutachter Zweirad-Sachverst\u00e4ndiger\",\"potentialAction\":[{\"@type\":\"SearchAction\",\"target\":{\"@type\":\"EntryPoint\",\"urlTemplate\":\"http:\/\/kfzgutachter-raquet.de\/wordpress\/?s={search_term_string}\"},\"query-input\":{\"@type\":\"PropertyValueSpecification\",\"valueRequired\":true,\"valueName\":\"search_term_string\"}}],\"inLanguage\":\"de\"}]}<\/script>\n<!-- \/ Yoast SEO plugin. -->","yoast_head_json":{"title":"Anfahrt - Sachverst\u00e4ndigenb\u00fcro Raquet","robots":{"index":"index","follow":"follow","max-snippet":"max-snippet:-1","max-image-preview":"max-image-preview:large","max-video-preview":"max-video-preview:-1"},"canonical":"http:\/\/kfzgutachter-raquet.de\/wordpress\/standort\/","og_locale":"de_DE","og_type":"article","og_title":"Anfahrt - Sachverst\u00e4ndigenb\u00fcro Raquet","og_description":"Sie finden uns im Gewerbegebiet Bruch in 67098 Bad D\u00fcrkheim. Direkt bei Auto Geibel in der Bruchstr. 8. Anfahrt So kommen Sie in die Bruchstr. 8 in 67098 Bad D\u00fcrkheim zu Ihrem Sachverst\u00e4ndigenb\u00fcro Raquet:","og_url":"http:\/\/kfzgutachter-raquet.de\/wordpress\/standort\/","og_site_name":"Sachverst\u00e4ndigenb\u00fcro Raquet","article_modified_time":"2024-06-08T06:33:08+00:00","og_image":[{"url":"http:\/\/kfzgutachter-raquet.de\/wordpress\/wp-content\/uploads\/2024\/06\/sachverstaendiger-1024x768.jpg"}],"twitter_card":"summary_large_image","twitter_misc":{"Gesch\u00e4tzte Lesezeit":"1\u00a0Minute"},"schema":{"@context":"https:\/\/schema.org","@graph":[{"@type":"WebPage","@id":"http:\/\/kfzgutachter-raquet.de\/wordpress\/standort\/","url":"http:\/\/kfzgutachter-raquet.de\/wordpress\/standort\/","name":"Anfahrt - Sachverst\u00e4ndigenb\u00fcro Raquet","isPartOf":{"@id":"http:\/\/kfzgutachter-raquet.de\/wordpress\/#website"},"primaryImageOfPage":{"@id":"http:\/\/kfzgutachter-raquet.de\/wordpress\/standort\/#primaryimage"},"image":{"@id":"http:\/\/kfzgutachter-raquet.de\/wordpress\/standort\/#primaryimage"},"thumbnailUrl":"http:\/\/kfzgutachter-raquet.de\/wordpress\/wp-content\/uploads\/2024\/06\/sachverstaendiger-1024x768.jpg","datePublished":"2024-06-08T06:29:17+00:00","dateModified":"2024-06-08T06:33:08+00:00","breadcrumb":{"@id":"http:\/\/kfzgutachter-raquet.de\/wordpress\/standort\/#breadcrumb"},"inLanguage":"de","potentialAction":[{"@type":"ReadAction","target":["http:\/\/kfzgutachter-raquet.de\/wordpress\/standort\/"]}]},{"@type":"ImageObject","inLanguage":"de","@id":"http:\/\/kfzgutachter-raquet.de\/wordpress\/standort\/#primaryimage","url":"http:\/\/kfzgutachter-raquet.de\/wordpress\/wp-content\/uploads\/2024\/06\/sachverstaendiger.jpg","contentUrl":"http:\/\/kfzgutachter-raquet.de\/wordpress\/wp-content\/uploads\/2024\/06\/sachverstaendiger.jpg","width":1152,"height":864},{"@type":"BreadcrumbList","@id":"http:\/\/kfzgutachter-raquet.de\/wordpress\/standort\/#breadcrumb","itemListElement":[{"@type":"ListItem","position":1,"name":"Startseite","item":"http:\/\/kfzgutachter-raquet.de\/wordpress\/"},{"@type":"ListItem","position":2,"name":"Anfahrt"}]},{"@type":"WebSite","@id":"http:\/\/kfzgutachter-raquet.de\/wordpress\/#website","url":"http:\/\/kfzgutachter-raquet.de\/wordpress\/","name":"Kfz-Sachverst\u00e4ndigenb\u00fcro Raquet (KFZ\/Motorrad) Gutachter","description":"KFZ-Gutachter Zweirad-Sachverst\u00e4ndiger","potentialAction":[{"@type":"SearchAction","target":{"@type":"EntryPoint","urlTemplate":"http:\/\/kfzgutachter-raquet.de\/wordpress\/?s={search_term_string}"},"query-input":{"@type":"PropertyValueSpecification","valueRequired":true,"valueName":"search_term_string"}}],"inLanguage":"de"}]}},"_links":{"self":[{"href":"http:\/\/kfzgutachter-raquet.de\/wordpress\/wp-json\/wp\/v2\/pages\/67","targetHints":{"allow":["GET"]}}],"collection":[{"href":"http:\/\/kfzgutachter-raquet.de\/wordpress\/wp-json\/wp\/v2\/pages"}],"about":[{"href":"http:\/\/kfzgutachter-raquet.de\/wordpress\/wp-json\/wp\/v2\/types\/page"}],"author":[{"embeddable":true,"href":"http:\/\/kfzgutachter-raquet.de\/wordpress\/wp-json\/wp\/v2\/users\/1"}],"replies":[{"embeddable":true,"href":"http:\/\/kfzgutachter-raquet.de\/wordpress\/wp-json\/wp\/v2\/comments?post=67"}],"version-history":[{"count":6,"href":"http:\/\/kfzgutachter-raquet.de\/wordpress\/wp-json\/wp\/v2\/pages\/67\/revisions"}],"predecessor-version":[{"id":74,"href":"http:\/\/kfzgutachter-raquet.de\/wordpress\/wp-json\/wp\/v2\/pages\/67\/revisions\/74"}],"wp:attachment":[{"href":"http:\/\/kfzgutachter-raquet.de\/wordpress\/wp-json\/wp\/v2\/media?parent=67"}],"curies":[{"name":"wp","href":"https:\/\/api.w.org\/{rel}","templated":true}]}}

<div class="wp-block-group alignfull has-accent-background-color has-background has-global-padding is-layout-constrained wp-container-core-group-is-layout-669513ed wp-block-group-is-layout-constrained" style="margin-top:0;margin-bottom:0;padding-top:var(--wp--preset--spacing--50);padding-right:var(--wp--preset--spacing--50);padding-bottom:var(--wp--preset--spacing--50);padding-left:var(--wp--preset--spacing--50)">
<div class="wp-block-columns alignwide is-layout-flex wp-container-core-columns-is-layout-1da03c2a wp-block-columns-is-layout-flex">
<div class="wp-block-column is-vertically-aligned-stretch is-layout-flow wp-block-column-is-layout-flow" style="flex-basis:50%">
<div class="wp-block-group is-vertical is-content-justification-stretch is-layout-flex wp-container-core-group-is-layout-444d5ee8 wp-block-group-is-layout-flex" style="min-height:100%">
<p class="has-heading-font-family has-x-large-font-size" style="line-height:1.2">Sie finden uns im Gewerbegebiet Bruch in 67098 Bad Dürkheim. Direkt bei Auto Geibel in der Bruchstr. 8.</p>



<p class="wp-container-content-0733e5d0"></p>
</div>
</div>



<div class="wp-block-column is-vertically-aligned-center is-layout-flow wp-block-column-is-layout-flow" style="flex-basis:50%">
<figure class="wp-block-image size-large is-style-rounded is-style-rounded--1"><img loading="lazy" decoding="async" width="1024" height="768" src="http://kfzgutachter-raquet.de/wordpress/wp-content/uploads/2024/06/sachverstaendiger-1024x768.jpg" alt="" class="wp-image-49" style="aspect-ratio:3/4;object-fit:cover" srcset="http://kfzgutachter-raquet.de/wordpress/wp-content/uploads/2024/06/sachverstaendiger-1024x768.jpg 1024w, http://kfzgutachter-raquet.de/wordpress/wp-content/uploads/2024/06/sachverstaendiger-300x225.jpg 300w, http://kfzgutachter-raquet.de/wordpress/wp-content/uploads/2024/06/sachverstaendiger-768x576.jpg 768w, http://kfzgutachter-raquet.de/wordpress/wp-content/uploads/2024/06/sachverstaendiger.jpg 1152w" sizes="auto, (max-width: 1024px) 100vw, 1024px" /></figure>
</div>
</div>
</div>



<div class="wp-block-group alignfull has-global-padding is-layout-constrained wp-container-core-group-is-layout-669513ed wp-block-group-is-layout-constrained" style="margin-top:0;margin-bottom:0;padding-top:var(--wp--preset--spacing--50);padding-right:var(--wp--preset--spacing--50);padding-bottom:var(--wp--preset--spacing--50);padding-left:var(--wp--preset--spacing--50)">
<div class="wp-block-group is-vertical is-content-justification-center is-layout-flex wp-container-core-group-is-layout-ce155fab wp-block-group-is-layout-flex">
<h2 class="wp-block-heading has-text-align-center has-xx-large-font-size">Anfahrt</h2>



<p class="has-text-align-center">So kommen Sie in die Bruchstr. 8 in 67098 Bad Dürkheim zu Ihrem Sachverständigenbüro Raquet:</p>



<iframe src="https://www.google.com/maps/embed?pb=!1m18!1m12!1m3!1d2592.8430348802567!2d8.197811076074716!3d49.468580457573104!2m3!1f0!2f0!3f0!3m2!1i1024!2i768!4f13.1!3m3!1m2!1s0x479637784199434d%3A0x8cdb5f3de2697fcc!2sKfz-Sachverst%C3%A4ndigenb%C3%BCro%20Raquet!5e0!3m2!1sde!2sde!4v1717828105581!5m2!1sde!2sde" width="600" height="450" style="border:0;" allowfullscreen="" loading="lazy" referrerpolicy="no-referrer-when-downgrade"></iframe>
</div>



<div style="height:40px" aria-hidden="true" class="wp-block-spacer"></div>
</div>

<p>Sie finden uns im Gewerbegebiet Bruch in 67098 Bad Dürkheim. Direkt bei Auto Geibel in der Bruchstr. 8. Anfahrt So kommen Sie in die Bruchstr. 8 in 67098 Bad Dürkheim zu Ihrem Sachverständigenbüro Raquet:</p>

<!-- This site is optimized with the Yoast SEO plugin v23.9 - https://yoast.com/wordpress/plugins/seo/ -->
<title>Anfahrt - Sachverständigenbüro Raquet</title>
<meta name="robots" content="index, follow, max-snippet:-1, max-image-preview:large, max-video-preview:-1" />
<link rel="canonical" href="http://kfzgutachter-raquet.de/wordpress/standort/" />
<meta property="og:locale" content="de_DE" />
<meta property="og:type" content="article" />
<meta property="og:title" content="Anfahrt - Sachverständigenbüro Raquet" />
<meta property="og:description" content="Sie finden uns im Gewerbegebiet Bruch in 67098 Bad Dürkheim. Direkt bei Auto Geibel in der Bruchstr. 8. Anfahrt So kommen Sie in die Bruchstr. 8 in 67098 Bad Dürkheim zu Ihrem Sachverständigenbüro Raquet:" />
<meta property="og:url" content="http://kfzgutachter-raquet.de/wordpress/standort/" />
<meta property="og:site_name" content="Sachverständigenbüro Raquet" />
<meta property="article:modified_time" content="2024-06-08T06:33:08+00:00" />
<meta property="og:image" content="http://kfzgutachter-raquet.de/wordpress/wp-content/uploads/2024/06/sachverstaendiger-1024x768.jpg" />
<meta name="twitter:card" content="summary_large_image" />
<meta name="twitter:label1" content="Geschätzte Lesezeit" />
	<meta name="twitter:data1" content="1 Minute" />
<script type="application/ld+json" class="yoast-schema-graph">{"@context":"https://schema.org","@graph":[{"@type":"WebPage","@id":"http://kfzgutachter-raquet.de/wordpress/standort/","url":"http://kfzgutachter-raquet.de/wordpress/standort/","name":"Anfahrt - Sachverständigenbüro Raquet","isPartOf":{"@id":"http://kfzgutachter-raquet.de/wordpress/#website"},"primaryImageOfPage":{"@id":"http://kfzgutachter-raquet.de/wordpress/standort/#primaryimage"},"image":{"@id":"http://kfzgutachter-raquet.de/wordpress/standort/#primaryimage"},"thumbnailUrl":"http://kfzgutachter-raquet.de/wordpress/wp-content/uploads/2024/06/sachverstaendiger-1024x768.jpg","datePublished":"2024-06-08T06:29:17+00:00","dateModified":"2024-06-08T06:33:08+00:00","breadcrumb":{"@id":"http://kfzgutachter-raquet.de/wordpress/standort/#breadcrumb"},"inLanguage":"de","potentialAction":[{"@type":"ReadAction","target":["http://kfzgutachter-raquet.de/wordpress/standort/"]}]},{"@type":"ImageObject","inLanguage":"de","@id":"http://kfzgutachter-raquet.de/wordpress/standort/#primaryimage","url":"http://kfzgutachter-raquet.de/wordpress/wp-content/uploads/2024/06/sachverstaendiger.jpg","contentUrl":"http://kfzgutachter-raquet.de/wordpress/wp-content/uploads/2024/06/sachverstaendiger.jpg","width":1152,"height":864},{"@type":"BreadcrumbList","@id":"http://kfzgutachter-raquet.de/wordpress/standort/#breadcrumb","itemListElement":[{"@type":"ListItem","position":1,"name":"Startseite","item":"http://kfzgutachter-raquet.de/wordpress/"},{"@type":"ListItem","position":2,"name":"Anfahrt"}]},{"@type":"WebSite","@id":"http://kfzgutachter-raquet.de/wordpress/#website","url":"http://kfzgutachter-raquet.de/wordpress/","name":"Kfz-Sachverständigenbüro Raquet (KFZ/Motorrad) Gutachter","description":"KFZ-Gutachter Zweirad-Sachverständiger","potentialAction":[{"@type":"SearchAction","target":{"@type":"EntryPoint","urlTemplate":"http://kfzgutachter-raquet.de/wordpress/?s={search_term_string}"},"query-input":{"@type":"PropertyValueSpecification","valueRequired":true,"valueName":"search_term_string"}}],"inLanguage":"de"}]}</script>
<!-- / Yoast SEO plugin. -->

Anfahrt - Sachverständigenbüro Raquet

Sie finden uns im Gewerbegebiet Bruch in 67098 Bad Dürkheim. Direkt bei Auto Geibel in der Bruchstr. 8. Anfahrt So kommen Sie in die Bruchstr. 8 in 67098 Bad Dürkheim zu Ihrem Sachverständigenbüro Raquet:

Sachverständigenbüro Raquet

Kfz-Sachverständigenbüro Raquet (KFZ/Motorrad) Gutachter

KFZ-Gutachter Zweirad-Sachverständiger
